{"id":7,"date":"2020-11-22T20:51:11","date_gmt":"2020-11-22T19:51:11","guid":{"rendered":"https:\/\/www.hp-nolte.de\/wps\/?page_id=7"},"modified":"2023-01-10T18:33:53","modified_gmt":"2023-01-10T17:33:53","slug":"ueber-uns","status":"publish","type":"page","link":"https:\/\/www.hp-nolte.de\/wps\/ueber-uns\/","title":{"rendered":"Wer bin ich"},"content":{"rendered":"\n<p>Willkommen auf meiner Homepage<\/p>\n\n\n\n<figure class=\"wp-block-gallery aligncenter has-nested-images columns-default is-cropped wp-block-gallery-1 is-layout-flex wp-block-gallery-is-layout-flex\">\n<figure class=\"wp-block-image size-large\"><img loading=\"lazy\" decoding=\"async\" width=\"400\" height=\"400\" data-id=\"107\" src=\"https:\/\/www.hp-nolte.de\/wps\/wp-content\/uploads\/2020\/11\/cropped-Nicole2-1.jpg\" alt=\"\" class=\"wp-image-107\" srcset=\"https:\/\/www.hp-nolte.de\/wps\/wp-content\/uploads\/2020\/11\/cropped-Nicole2-1.jpg 400w, https:\/\/www.hp-nolte.de\/wps\/wp-content\/uploads\/2020\/11\/cropped-Nicole2-1-300x300.jpg 300w, https:\/\/www.hp-nolte.de\/wps\/wp-content\/uploads\/2020\/11\/cropped-Nicole2-1-150x150.jpg 150w, https:\/\/www.hp-nolte.de\/wps\/wp-content\/uploads\/2020\/11\/cropped-Nicole2-1-65x65.jpg 65w, https:\/\/www.hp-nolte.de\/wps\/wp-content\/uploads\/2020\/11\/cropped-Nicole2-1-160x159.jpg 160w\" sizes=\"auto, (max-width: 400px) 100vw, 400px\" \/><\/figure>\n<\/figure>\n\n\n\n<p>Ich habe mich am 02. November 1999 als Heilpraktikerin in Wunstorf selbst\u00e4ndig gemacht und m\u00f6chte mich mit meinem beruflichen Werdegang bei Ihnen vorstellen.<\/p>\n\n\n\n<p>Nach dem Abitur 1991 und einer Biologielaboranten-Ausbildung (\u00b491-94) besuchte ich in Wunstorf die Heilpraktikerschule und assistierte in verschiedenen Praxen.<\/p>\n\n\n\n<p>In dieser Zeit konnte ich das bei zahlreichen Fachfortbildungen Erlernte in die Praxis umsetzen und entsprechende Erfahrungen machen.<\/p>\n\n\n\n<p>Hinsichtlich meiner besonderen Interessen f\u00fcr die Akupunktur, der Chiropraktik und der Neuraltherapie, habe ich an der MHH einen umfangreichen Kurs entsprechend der Deutschen-Akupunktur-Liga absolviert und bei der Arbeitsgemeinschaft f\u00fcr Chiropraktik, Osteopathie und Neuraltherapie (<a href=\"http:\/\/www.acon-ev.de\">ACON<\/a>) mein Wissen vertieft.<\/p>\n\n\n\n<p>Ehrenamtlich bin ich seit 1995 in der Schnell-Einsatz-Gruppe der Johanniter t\u00e4tig und habe an der Landesschule der Johanniter-Unfall-Hilfe in Ronnenberg meine Rettungssanit\u00e4ter-Pr\u00fcfung abgelegt.<\/p>\n\n\n\n<p>Dar\u00fcber hinaus war ich von 1998 -2006 Dozentin an der staatl. anerkannten Heilpraktikerschule in Wunstorf.<\/p>\n\n\n\n<p>Seit 2002 bin ich Dozentin am ACON-COLLEG und gebe zus\u00e4tzlich Notfall-Seminare f\u00fcr Kollegen auf der Jahrestagung der ACON.<\/p>\n\n\n\n<p>Im November 2005 habe ich meinen Abschlu\u00df zum MASTER OF CHIROPRAKTIK (n.Ackermann, Stockholm, Schweden) gemacht.<\/p>\n\n\n\n<p>Nach nun \u00fcber zwanzig Jahren in eigener Praxis kann ich auf einen geh\u00f6rig angewachsenen Patientenstamm zur\u00fcckblicken. Ich freue mich neben Fu\u00dfballern aus der 1. und 3. Bundesliga, Sportphysiotherapeuten, Zahn\u00e4rzten, Chirurgen und Apothekern auch viele weniger in der Medizin bewanderte Patienten zu meinem Stamm z\u00e4hlen zu d\u00fcrfen.- Der Trend geht zur Naturheilkunde!<\/p>\n\n\n\n<p>Meine j\u00fcngste Patientin war drei Monate alt (und als Sechsmonatskind auf die Welt gekommen) und wurde mit der Diagnose KISS (Kopfgelenk induzierte Symmetriest\u00f6rung) zu mir gebracht. Mein bisher \u00e4ltester Patient suchte mich noch mit 92 Jahren f\u00fcr eine osteopathische Behandlung auf.<\/p>\n","protected":false},"excerpt":{"rendered":"<p>Willkommen auf meiner Homepage Ich habe mich am 02. November 1999 als Heilpraktikerin in Wunstorf selbst\u00e4ndig gemacht und m\u00f6chte mich mit meinem beruflichen Werdegang bei Ihnen vorstellen. Nach dem Abitur 1991 und einer Biologielaboranten-Ausbildung (\u00b491-94) besuchte ich in Wunstorf die Heilpraktikerschule und assistierte in verschiedenen Praxen. In dieser Zeit konnte ich das bei zahlreichen Fachfortbildungen [&hellip;]<\/p>\n","protected":false},"author":1,"featured_media":0,"parent":0,"menu_order":0,"comment_status":"closed","ping_status":"closed","template":"","meta":{"footnotes":""},"class_list":["post-7","page","type-page","status-publish","hentry"],"_links":{"self":[{"href":"https:\/\/www.hp-nolte.de\/wps\/wp-json\/wp\/v2\/pages\/7","targetHints":{"allow":["GET"]}}],"collection":[{"href":"https:\/\/www.hp-nolte.de\/wps\/wp-json\/wp\/v2\/pages"}],"about":[{"href":"https:\/\/www.hp-nolte.de\/wps\/wp-json\/wp\/v2\/types\/page"}],"author":[{"embeddable":true,"href":"https:\/\/www.hp-nolte.de\/wps\/wp-json\/wp\/v2\/users\/1"}],"replies":[{"embeddable":true,"href":"https:\/\/www.hp-nolte.de\/wps\/wp-json\/wp\/v2\/comments?post=7"}],"version-history":[{"count":9,"href":"https:\/\/www.hp-nolte.de\/wps\/wp-json\/wp\/v2\/pages\/7\/revisions"}],"predecessor-version":[{"id":290,"href":"https:\/\/www.hp-nolte.de\/wps\/wp-json\/wp\/v2\/pages\/7\/revisions\/290"}],"wp:attachment":[{"href":"https:\/\/www.hp-nolte.de\/wps\/wp-json\/wp\/v2\/media?parent=7"}],"curies":[{"name":"wp","href":"https:\/\/api.w.org\/{rel}","templated":true}]}}